{"id":45140,"date":"2023-11-06T11:18:53","date_gmt":"2023-11-06T11:18:53","guid":{"rendered":"https:\/\/megamaq.ma\/LeM\/?post_type=product&#038;p=45140"},"modified":"2025-05-19T15:32:32","modified_gmt":"2025-05-19T15:32:32","slug":"cisaille-guillotine-marque-colly","status":"publish","type":"product","link":"https:\/\/megamaq.ma\/LeM\/product\/cisaille-guillotine-marque-colly\/","title":{"rendered":"CISAILLE GUILLOTINE COLLY"},"content":{"rendered":"<p class=\"sc-1y5jqi3-2 fiechS\">SPECIALISTE EN VENTE DE MACHINES-OUTILS.<\/p>\n<p class=\"sc-1y5jqi3-2 fiechS\">Machines -outils -d\u00e9formation de la t\u00f4le : Presse plieuse , Cisaille guillotine , Rouleuse croqueuse , Poin\u00e7onneuse, Encocheuse , d\u00e9formation profiles et tubes , Presses m\u00e9caniques , Machines de d\u00e9coupe (Plasma ,laser \u2026) , Tour parall\u00e8le ( conventionnel, \u00e0 commande num\u00e9rique) , Fraiseuse (universelle , \u00e0 commande num\u00e9rique) , Centre d&#8217;usinage , Perceuse ( sur colonne , radiale ) , Scie ( alternative , \u00e0 ruban manuelle , semi-automatique et automatique ) , Rectifieuse plane ou cylindrique , Mortaiseuse , Poste \u00e0 souder , Soudeuse par point , Touret \u00e0 meuler.<\/p>\n<p>&nbsp;<\/p>\n","protected":false},"excerpt":{"rendered":"<h4><strong>Cisaille guillotine hydraulique COLLY\u00a0<\/strong><\/h4>\n<p><strong>Marque : COLLY\u00a0<\/strong><\/p>\n<p><strong>Mod\u00e8le : 1232B<\/strong><\/p>\n<p><strong>Capacit\u00e9 : 3100 mm x 12 mm<\/strong><\/p>\n<div class=\"urun_teknik_detaylar_main\">\n<div class=\"col-xs-6 col_last\"><\/div>\n<\/div>\n<p>&nbsp;<\/p>\n","protected":false},"featured_media":45207,"comment_status":"closed","ping_status":"closed","template":"","meta":[],"product_brand":[],"product_cat":[205,201],"product_tag":[],"class_list":{"0":"post-45140","1":"product","2":"type-product","3":"status-publish","4":"has-post-thumbnail","6":"product_cat-cisailles-hydraulique","7":"product_cat-machines-de-la-toleries-profiles","10":"first","11":"instock","12":"featured","13":"shipping-taxable","14":"product-type-simple"},"yoast_head":"<!-- This site is optimized with the Yoast SEO Premium plugin v20.11 (Yoast SEO v27.3) - https:\/\/yoast.com\/product\/yoast-seo-premium-wordpress\/ -->\n<title>Machine Outils Occasion et neuf - Machine de d\u00e9coupe laser fibre<\/title>\n<meta name=\"description\" content=\"D\u00e9couvrez notre large gamme de machines-outils pour la d\u00e9formation de la t\u00f4le et l\u2019usinage : presse plieuse, tour, fraiseuse, scie, soudure, etc.\" \/>\n<meta name=\"robots\" content=\"index, follow, max-snippet:-1, max-image-preview:large, max-video-preview:-1\" \/>\n<link rel=\"canonical\" href=\"https:\/\/megamaq.ma\/LeM\/product\/cisaille-guillotine-marque-colly\/\" \/>\n<meta property=\"og:locale\" content=\"en_US\" \/>\n<meta property=\"og:type\" content=\"article\" \/>\n<meta property=\"og:title\" content=\"CISAILLE GUILLOTINE COLLY\" \/>\n<meta property=\"og:description\" content=\"D\u00e9couvrez notre large gamme de machines-outils pour la d\u00e9formation de la t\u00f4le et l\u2019usinage : presse plieuse, tour, fraiseuse, scie, soudure, etc.\" \/>\n<meta property=\"og:url\" content=\"https:\/\/megamaq.ma\/LeM\/product\/cisaille-guillotine-marque-colly\/\" \/>\n<meta property=\"og:site_name\" content=\"MegaMaq\" \/>\n<meta property=\"article:publisher\" content=\"https:\/\/web.facebook.com\/megamaq.ma\" \/>\n<meta property=\"article:modified_time\" content=\"2025-05-19T15:32:32+00:00\" \/>\n<meta property=\"og:image\" content=\"https:\/\/megamaq.ma\/LeM\/wp-content\/uploads\/2023\/11\/Cisaille-guillotine-COLLY-3000-x-12-mm.jpeg\" \/>\n\t<meta property=\"og:image:width\" content=\"1024\" \/>\n\t<meta property=\"og:image:height\" content=\"576\" \/>\n\t<meta property=\"og:image:type\" content=\"image\/jpeg\" \/>\n<meta name=\"twitter:card\" content=\"summary_large_image\" \/>\n<meta name=\"twitter:label1\" content=\"Est. reading time\" \/>\n\t<meta name=\"twitter:data1\" content=\"1 minute\" \/>\n<script type=\"application\/ld+json\" class=\"yoast-schema-graph\">{\"@context\":\"https:\\\/\\\/schema.org\",\"@graph\":[{\"@type\":\"WebPage\",\"@id\":\"https:\\\/\\\/megamaq.ma\\\/LeM\\\/product\\\/cisaille-guillotine-marque-colly\\\/\",\"url\":\"https:\\\/\\\/megamaq.ma\\\/LeM\\\/product\\\/cisaille-guillotine-marque-colly\\\/\",\"name\":\"Machine Outils Occasion et neuf - Machine de d\u00e9coupe laser fibre\",\"isPartOf\":{\"@id\":\"https:\\\/\\\/megamaq.ma\\\/LeM\\\/#website\"},\"primaryImageOfPage\":{\"@id\":\"https:\\\/\\\/megamaq.ma\\\/LeM\\\/product\\\/cisaille-guillotine-marque-colly\\\/#primaryimage\"},\"image\":{\"@id\":\"https:\\\/\\\/megamaq.ma\\\/LeM\\\/product\\\/cisaille-guillotine-marque-colly\\\/#primaryimage\"},\"thumbnailUrl\":\"https:\\\/\\\/megamaq.ma\\\/LeM\\\/wp-content\\\/uploads\\\/2023\\\/11\\\/Cisaille-guillotine-COLLY-3000-x-12-mm.jpeg\",\"datePublished\":\"2023-11-06T11:18:53+00:00\",\"dateModified\":\"2025-05-19T15:32:32+00:00\",\"description\":\"D\u00e9couvrez notre large gamme de machines-outils pour la d\u00e9formation de la t\u00f4le et l\u2019usinage : presse plieuse, tour, fraiseuse, scie, soudure, etc.\",\"breadcrumb\":{\"@id\":\"https:\\\/\\\/megamaq.ma\\\/LeM\\\/product\\\/cisaille-guillotine-marque-colly\\\/#breadcrumb\"},\"inLanguage\":\"en-US\",\"potentialAction\":[{\"@type\":\"ReadAction\",\"target\":[\"https:\\\/\\\/megamaq.ma\\\/LeM\\\/product\\\/cisaille-guillotine-marque-colly\\\/\"]}]},{\"@type\":\"ImageObject\",\"inLanguage\":\"en-US\",\"@id\":\"https:\\\/\\\/megamaq.ma\\\/LeM\\\/product\\\/cisaille-guillotine-marque-colly\\\/#primaryimage\",\"url\":\"https:\\\/\\\/megamaq.ma\\\/LeM\\\/wp-content\\\/uploads\\\/2023\\\/11\\\/Cisaille-guillotine-COLLY-3000-x-12-mm.jpeg\",\"contentUrl\":\"https:\\\/\\\/megamaq.ma\\\/LeM\\\/wp-content\\\/uploads\\\/2023\\\/11\\\/Cisaille-guillotine-COLLY-3000-x-12-mm.jpeg\",\"width\":1024,\"height\":576},{\"@type\":\"BreadcrumbList\",\"@id\":\"https:\\\/\\\/megamaq.ma\\\/LeM\\\/product\\\/cisaille-guillotine-marque-colly\\\/#breadcrumb\",\"itemListElement\":[{\"@type\":\"ListItem\",\"position\":1,\"name\":\"Home\",\"item\":\"https:\\\/\\\/megamaq.ma\\\/LeM\\\/\"},{\"@type\":\"ListItem\",\"position\":2,\"name\":\"Shop\",\"item\":\"https:\\\/\\\/megamaq.ma\\\/LeM\\\/shop\\\/\"},{\"@type\":\"ListItem\",\"position\":3,\"name\":\"CISAILLE GUILLOTINE COLLY\"}]},{\"@type\":\"WebSite\",\"@id\":\"https:\\\/\\\/megamaq.ma\\\/LeM\\\/#website\",\"url\":\"https:\\\/\\\/megamaq.ma\\\/LeM\\\/\",\"name\":\"Vente des machines outils et D\u00e9coupe laser \u00e0 fibre au Maroc\",\"description\":\"Vente des machines outils et D\u00e9coupe laser \u00e0 fibre au Maroc\",\"publisher\":{\"@id\":\"https:\\\/\\\/megamaq.ma\\\/LeM\\\/#organization\"},\"alternateName\":\"Megamaq\",\"potentialAction\":[{\"@type\":\"SearchAction\",\"target\":{\"@type\":\"EntryPoint\",\"urlTemplate\":\"https:\\\/\\\/megamaq.ma\\\/LeM\\\/?s={search_term_string}\"},\"query-input\":{\"@type\":\"PropertyValueSpecification\",\"valueRequired\":true,\"valueName\":\"search_term_string\"}}],\"inLanguage\":\"en-US\"},{\"@type\":\"Organization\",\"@id\":\"https:\\\/\\\/megamaq.ma\\\/LeM\\\/#organization\",\"name\":\"Megamaq\",\"alternateName\":\"Megamaq\",\"url\":\"https:\\\/\\\/megamaq.ma\\\/LeM\\\/\",\"logo\":{\"@type\":\"ImageObject\",\"inLanguage\":\"en-US\",\"@id\":\"https:\\\/\\\/megamaq.ma\\\/LeM\\\/#\\\/schema\\\/logo\\\/image\\\/\",\"url\":\"https:\\\/\\\/megamaq.ma\\\/LeM\\\/wp-content\\\/uploads\\\/2023\\\/11\\\/Artboard-36-100.jpg\",\"contentUrl\":\"https:\\\/\\\/megamaq.ma\\\/LeM\\\/wp-content\\\/uploads\\\/2023\\\/11\\\/Artboard-36-100.jpg\",\"width\":698,\"height\":698,\"caption\":\"Megamaq\"},\"image\":{\"@id\":\"https:\\\/\\\/megamaq.ma\\\/LeM\\\/#\\\/schema\\\/logo\\\/image\\\/\"},\"sameAs\":[\"https:\\\/\\\/web.facebook.com\\\/megamaq.ma\",\"https:\\\/\\\/www.youtube.com\\\/@megamaq9087\",\"https:\\\/\\\/www.linkedin.com\\\/company\\\/megamaq01\\\/\"]}]}<\/script>\n<!-- \/ Yoast SEO Premium plugin. -->","yoast_head_json":{"title":"Machine Outils Occasion et neuf - Machine de d\u00e9coupe laser fibre","description":"D\u00e9couvrez notre large gamme de machines-outils pour la d\u00e9formation de la t\u00f4le et l\u2019usinage : presse plieuse, tour, fraiseuse, scie, soudure, etc.","robots":{"index":"index","follow":"follow","max-snippet":"max-snippet:-1","max-image-preview":"max-image-preview:large","max-video-preview":"max-video-preview:-1"},"canonical":"https:\/\/megamaq.ma\/LeM\/product\/cisaille-guillotine-marque-colly\/","og_locale":"en_US","og_type":"article","og_title":"CISAILLE GUILLOTINE COLLY","og_description":"D\u00e9couvrez notre large gamme de machines-outils pour la d\u00e9formation de la t\u00f4le et l\u2019usinage : presse plieuse, tour, fraiseuse, scie, soudure, etc.","og_url":"https:\/\/megamaq.ma\/LeM\/product\/cisaille-guillotine-marque-colly\/","og_site_name":"MegaMaq","article_publisher":"https:\/\/web.facebook.com\/megamaq.ma","article_modified_time":"2025-05-19T15:32:32+00:00","og_image":[{"width":1024,"height":576,"url":"https:\/\/megamaq.ma\/LeM\/wp-content\/uploads\/2023\/11\/Cisaille-guillotine-COLLY-3000-x-12-mm.jpeg","type":"image\/jpeg"}],"twitter_card":"summary_large_image","twitter_misc":{"Est. reading time":"1 minute"},"schema":{"@context":"https:\/\/schema.org","@graph":[{"@type":"WebPage","@id":"https:\/\/megamaq.ma\/LeM\/product\/cisaille-guillotine-marque-colly\/","url":"https:\/\/megamaq.ma\/LeM\/product\/cisaille-guillotine-marque-colly\/","name":"Machine Outils Occasion et neuf - Machine de d\u00e9coupe laser fibre","isPartOf":{"@id":"https:\/\/megamaq.ma\/LeM\/#website"},"primaryImageOfPage":{"@id":"https:\/\/megamaq.ma\/LeM\/product\/cisaille-guillotine-marque-colly\/#primaryimage"},"image":{"@id":"https:\/\/megamaq.ma\/LeM\/product\/cisaille-guillotine-marque-colly\/#primaryimage"},"thumbnailUrl":"https:\/\/megamaq.ma\/LeM\/wp-content\/uploads\/2023\/11\/Cisaille-guillotine-COLLY-3000-x-12-mm.jpeg","datePublished":"2023-11-06T11:18:53+00:00","dateModified":"2025-05-19T15:32:32+00:00","description":"D\u00e9couvrez notre large gamme de machines-outils pour la d\u00e9formation de la t\u00f4le et l\u2019usinage : presse plieuse, tour, fraiseuse, scie, soudure, etc.","breadcrumb":{"@id":"https:\/\/megamaq.ma\/LeM\/product\/cisaille-guillotine-marque-colly\/#breadcrumb"},"inLanguage":"en-US","potentialAction":[{"@type":"ReadAction","target":["https:\/\/megamaq.ma\/LeM\/product\/cisaille-guillotine-marque-colly\/"]}]},{"@type":"ImageObject","inLanguage":"en-US","@id":"https:\/\/megamaq.ma\/LeM\/product\/cisaille-guillotine-marque-colly\/#primaryimage","url":"https:\/\/megamaq.ma\/LeM\/wp-content\/uploads\/2023\/11\/Cisaille-guillotine-COLLY-3000-x-12-mm.jpeg","contentUrl":"https:\/\/megamaq.ma\/LeM\/wp-content\/uploads\/2023\/11\/Cisaille-guillotine-COLLY-3000-x-12-mm.jpeg","width":1024,"height":576},{"@type":"BreadcrumbList","@id":"https:\/\/megamaq.ma\/LeM\/product\/cisaille-guillotine-marque-colly\/#breadcrumb","itemListElement":[{"@type":"ListItem","position":1,"name":"Home","item":"https:\/\/megamaq.ma\/LeM\/"},{"@type":"ListItem","position":2,"name":"Shop","item":"https:\/\/megamaq.ma\/LeM\/shop\/"},{"@type":"ListItem","position":3,"name":"CISAILLE GUILLOTINE COLLY"}]},{"@type":"WebSite","@id":"https:\/\/megamaq.ma\/LeM\/#website","url":"https:\/\/megamaq.ma\/LeM\/","name":"Vente des machines outils et D\u00e9coupe laser \u00e0 fibre au Maroc","description":"Vente des machines outils et D\u00e9coupe laser \u00e0 fibre au Maroc","publisher":{"@id":"https:\/\/megamaq.ma\/LeM\/#organization"},"alternateName":"Megamaq","potentialAction":[{"@type":"SearchAction","target":{"@type":"EntryPoint","urlTemplate":"https:\/\/megamaq.ma\/LeM\/?s={search_term_string}"},"query-input":{"@type":"PropertyValueSpecification","valueRequired":true,"valueName":"search_term_string"}}],"inLanguage":"en-US"},{"@type":"Organization","@id":"https:\/\/megamaq.ma\/LeM\/#organization","name":"Megamaq","alternateName":"Megamaq","url":"https:\/\/megamaq.ma\/LeM\/","logo":{"@type":"ImageObject","inLanguage":"en-US","@id":"https:\/\/megamaq.ma\/LeM\/#\/schema\/logo\/image\/","url":"https:\/\/megamaq.ma\/LeM\/wp-content\/uploads\/2023\/11\/Artboard-36-100.jpg","contentUrl":"https:\/\/megamaq.ma\/LeM\/wp-content\/uploads\/2023\/11\/Artboard-36-100.jpg","width":698,"height":698,"caption":"Megamaq"},"image":{"@id":"https:\/\/megamaq.ma\/LeM\/#\/schema\/logo\/image\/"},"sameAs":["https:\/\/web.facebook.com\/megamaq.ma","https:\/\/www.youtube.com\/@megamaq9087","https:\/\/www.linkedin.com\/company\/megamaq01\/"]}]}},"_links":{"self":[{"href":"https:\/\/megamaq.ma\/LeM\/wp-json\/wp\/v2\/product\/45140","targetHints":{"allow":["GET"]}}],"collection":[{"href":"https:\/\/megamaq.ma\/LeM\/wp-json\/wp\/v2\/product"}],"about":[{"href":"https:\/\/megamaq.ma\/LeM\/wp-json\/wp\/v2\/types\/product"}],"replies":[{"embeddable":true,"href":"https:\/\/megamaq.ma\/LeM\/wp-json\/wp\/v2\/comments?post=45140"}],"wp:featuredmedia":[{"embeddable":true,"href":"https:\/\/megamaq.ma\/LeM\/wp-json\/wp\/v2\/media\/45207"}],"wp:attachment":[{"href":"https:\/\/megamaq.ma\/LeM\/wp-json\/wp\/v2\/media?parent=45140"}],"wp:term":[{"taxonomy":"product_brand","embeddable":true,"href":"https:\/\/megamaq.ma\/LeM\/wp-json\/wp\/v2\/product_brand?post=45140"},{"taxonomy":"product_cat","embeddable":true,"href":"https:\/\/megamaq.ma\/LeM\/wp-json\/wp\/v2\/product_cat?post=45140"},{"taxonomy":"product_tag","embeddable":true,"href":"https:\/\/megamaq.ma\/LeM\/wp-json\/wp\/v2\/product_tag?post=45140"}],"curies":[{"name":"wp","href":"https:\/\/api.w.org\/{rel}","templated":true}]}}